 7*r**2 - 1. Give j(3).
-4
Let y(f) = f**3 + f**2 - f + 1. Let x be y(1). Let b(z) = -4*z**3 + 6*z + 3. Let c(d) = 5*d**3 - 7*d - 4. Let a(m) = -6*b(m) - 5*c(m). What is a(x)?
-8
Let f(z) = z**2 - z - 2. Let l(i) = 4*i**2 - 7*i - 8. Let k(t) = -3*f(t) + l(t). What is k(5)?
3
Let q(z) = -5 - 22*z**2 + 11 + 23*z**2 + 5*z. Let j(p) = p**3 + 10*p**2 + 9*p - 4. Let m be j(-9). What is q(m)?
2
Let k(n) = 2 - 1 - 2*n + 10 + 1 - n. What is k(7)?
-9
Suppose 14*o + 2139 = 2097. Let h(f) = 3*f + 14. Give h(o).
5
Let q = 8 - 5. Suppose q*u - 4*s - 16 = -u, -5*u - 3*s = -12. Let y(g) = 7 - 3*g - 23 + 3*g**2 + 8 - g**3 + 9. What is y(u)?
-8
Let q(s) = s**3 - 5*s**2 - 7*s - 4. Suppose 0*r = -r - 2*v + 22, 0 = 4*v - 8. Suppose -r = -5*m + 12. What is q(m)?
-10
Let r(i) be the second derivative of -1/6*i**3 + 0 + 18*i - 5/2*i**2. Suppose 2*w + 9 = b, 4 = -w + 4*b + 3. Calculate r(w).
0
Let l(r) = -5*r - 75. Let z(w) = 3. Let x(a) = -l(a) - 15*z(a). Give x(-6).
0
Suppose q - 8*q = -q. Suppose 4*p + 4 = -5*u - 0, q = -u. Let c(v) = 8*v**2 - 1. Give c(p).
7
Let w(m) = -m**2 - 3*m + 1. Suppose 3*t = 4*k - 20, 3*t + k - 5 = 4*t. Suppose -3*j + t*j = 27. Let n = -7 - j. What is w(n)?
-9
Let s(y) = y**2 + 2*y. Let j(r) = r + 39. Let z be j(-42). Determine s(z).
3
Let b(d) = -d**3 + 3*d**2 - 6*d - 10. Let c(i) be the first derivative of i**4/4 - 4*i**3/3 + 5*i**2/2 + 9*i - 9. Let t(q) = -2*b(q) - 3*c(q). What is t(5)?
3
Let a(y) = y + 11. Let g(s) be the first derivative of s**2/2 - 10*s + 4. Let q be g(4). What is a(q)?
5
Let v(x) = x - 3. Suppose 0 = 2*y - 5*y - 18. Let g be ((2 + -5)*1)/(-3)*y. What is v(g)?
-9
Let m(b) = -3*b**3 - b**2 + 16*b - 5. Let u(a) = -a**3 + a**2 + 4*a - 1. Let y(s) = m(s) - 4*u(s). What is y(4)?
-17
Let a be (67 - 1)*(0 + 1) + -3. Let b = 68 - a. Let j(n) = -n**3 + 5*n**2 - 2*n + 7. What is j(b)?
-3
Suppose 3*y - 5*x = -x - 9, -3*y = x - 6. Suppose y = -h + 2. Let j(w) = -2 - w + h + 0*w. Determine j(-2).
1
Let x be (4 - (-85)/(-10))*(-2)/18. Let l(a) be the second derivative of -x*a**2 + 0 + 6*a + 1/6*a**4 - 1/3*a**3. Determine l(2).
3
Let t(o) = o**2 - 8*o - 6. Suppose -123 = -13*n - 6. What is t(n)?
3
Let y(w) be the third derivative of w**4/24 - w**3/2 + 14*w**2 + 3. Give y(2).
-1
Suppose t = -2*t - 5*r - 2, 0 = -4*t + 2*r - 46. Let a(d) be the first derivative of d**4/4 + 10*d**3/3 + 9*d**2/2 - 6*d - 23. Determine a(t).
-6
Let z = -36 - -38. Let q(l) = 6*l + 7*l**2 - 4 + 6 + 3 - 6*l**z. Determine q(-6).
5
Let w(d) be the first derivative of 3 - 1/4*d**4 - 5/3*d**3 - d**2 + 4*d. Let f(n) = -n**2 + 7*n - 3. Let u be f(7). Calculate w(u).
-8
Let z(i) = 2*i**3 + 5*i**2 + i. Let h be z(-2). Let k(r) be the first derivative of r + 1 + 11/2*r**h. Give k(-1).
-10
Let m(p) be the third derivative of p**9/60480 - p**7/1680 - p**6/240 - 7*p**5/12 - 5*p**2. Let k(x) be the third derivative of m(x). What is k(-2)?
-5
Let f(j) be the third derivative of 0*j + 1/2*j**3 + 13*j**2 + 0 - 1/24*j**4. Determine f(3).
0
Suppose 6*q - 3*q + 2*p + 11 = 0, -q - 5*p + 5 = 0. Let n(u) = -u**3 - 4*u**2 + 6*u. Give n(q).
-5
Let u(o) be the second derivative of o**5/20 - 3*o**4/4 - 7*o**3/3 + 35*o**2/2 - 745*o. What is u(10)?
-5
Let u(x) be the first derivative of x**4/4 - 5*x**3/3 + 3*x**2/2 - 7*x + 69. Calculate u(5).
8
Let v(m) = -11 - 13 + 4*m + 38 - 10. Determine v(5).
24
Let b(f) be the third derivative of -f**4/6 + f**3/3 - 3*f**2 + 2. Determine b(2).
-6
Let h = 113 - 117. Let t(i) = 6*i + 4. Determine t(h).
-20
Let o(h) = 1 - 2*h - 4*h - h**2 + 3*h**2. Suppose 9 = -5*s + 8*s. Suppose 3*n + 4*w = 0, 8*n = s*n - 2*w + 14. Calculate o(n).
9
Let n(i) be the first derivative of -i**2 + 2. Let z be (7 - 4)*3 - 4. Suppose -a = -2*a - f + 2, 19 = z*a - 4*f. Determine n(a).
-6
Let f(i) = i**2 - i - 1. Let g(d) be the first derivative of d**4/4 - 7*d**3/3 - d**2 + 10*d + 21. Let n(k) = -f(k) - g(k). Determine n(6).
9
Let k(j) = 3 - 11*j**2 + 79*j - 75*j + 17*j**2 - 7*j**2. Determine k(-2).
-9
Let k(r) be the first derivative of -r**2 + 3*r + 1398. Let c = -4 + 0. Let f(u) = -u**3 - 5*u**2 - 4*u + 4. Let o be f(c). What is k(o)?
-5
Let k(g) = -2*g**2 - 11*g + 1. Let x(c) = c**2 - 3*c - 24. Let d be x(6). Give k(d).
-5
Let w(v) = 9*v + 10*v - 13 + 2*v + v**2 - 30*v + 1. What is w(11)?
10
Let a = -19 - -13. Let s be 9/a*(-8)/3. Let g(i) = 163*i - 326*i + 4 + 161*i. Determine g(s).
-4
Let y be (-19 + 15)*(-2)/4. Let q(h) = 3 + 5*h**2 - 2*h**2 + h**y - h**3. Determine q(4).
3
Let y(k) = 26*k. Let t be (-104)/16 + 1/2. Let x be 2 + 9/(-15) + t/15. Determine y(x).
26
Let j(v) = -5*v - 103. Let q be (105/28)/(4 + (-201)/48). Calculate j(q).
-3
Suppose -7*t + 1850 = 1836. Let a(k) = 2*k**2 + 2*k - 4. Determine a(t).
8
Let w(g) be the third derivative of g**8/20160 + g**7/1260 - 7*g**5/30 - 43*g**2. Let t(k) be the third derivative of w(k). Determine t(-5).
5
Let r(s) = -7*s + 19. Suppose -4*g = -5*a + 48, 0 = a + g - 11 + 5. Give r(a).
-37
Let q(a) = -a**3 + 9*a**2 - 8*a - 6. Let k = -385 + 393. Determine q(k).
-6
Let m be (-17)/(-2) + 0 + (-12)/8. Let b(p) = p - 11. Give b(m).
-4
Let a(l) = -l**2 + 4*l - 4. Let n be (-90)/10*(-5)/15. What is a(n)?
-1
Suppose 10*k + 40 = 5*k - 2*y, 4*k + 3*y = -39. Let i(c) be the second derivative of 0 + c**3 - 2*c + 1/12*c**4 + 1/2*c**2. Calculate i(k).
1
Let s be (-2)/13 + (5412/156)/11. Let k(r) = 10*r - 15. What is k(s)?
15
Let b(g) = 2*g - 5. Let a be 30/9*30/(-20). Determine b(a).
-15
Let l(b) be the third derivative of b**4/24 + b**3 + 54*b**2. What is l(0)?
6
Let p be -2*4*(-4)/(-32). Let q be (0/p)/(-3 + 4). Let x(r) = r**2 + 21. Calculate x(q).
21
Let t(v) be the first derivative of v**2/2 + 3*v + 117. What is t(-3)?
0
Let x(o) = -4*o**3 + 17*o**2 + 19*o - 16. Let d(v) = -v**3 + 6*v**2 + 6*v - 5. Let h(j) = -7*d(j) + 2*x(j). What is h(-7)?
-18
Let m(s) = -s**3 + 4*s**2 - 3*s - 4. Let p = -38 - -53. Let h = 23 - p. Suppose -8*l = -h - 24. What is m(l)?
-16
Let t be -18 + ((-2684)/(-440) - 1/10). Let r(s) = -2*s + 5. Give r(t).
29
Let j = 15 - 13. Suppose j*i = -2*i + 16. Let w(b) = b**2 - 4*b + 5. What is w(i)?
5
Let t(y) = y**3 + 2*y**2 - 4*y + 1. Suppose -4 = -3*l + 5. Suppose -5*o - 3 = -l*u, -4*u - 12 = o + 7. What is t(o)?
4
Suppose -6*g = -g. Let u(p) = -6*p**2 - 11*p - 12. Let t(h) = -7*h**2 - 13*h - 12. Let a(r) = 5*t(r) - 6*u(r). Determine a(g).
12
Suppose 2*i = 4*i - 8. Let t = i - 7. Let z(q) = 5*q**2 + 5*q - 4. Let u(f) = 3*f**2 + 3*f - 2. Let l(x) = 7*u(x) - 4*z(x). Determine l(t).
8
Let w(d) be the second derivative of -d**3/2 + 10*d**2 - 247*d. What is w(4)?
8
Let w = -26 + 31. Suppose 2*r - 5*q = 2, 3 = -4*q - w. Let j(l) = -l**2 - l - 1. What is j(r)?
-13
Let u be 3*(-8)/(-12) + 0. Let r(y) = -18*y - 3*y + y**2 - u + 6*y. Let a be r(15). Let n(d) = -d - 2. Determine n(a).
0
Let p(v) = -4*v**3 + 6*v**2 - 5*v + 7. Let r(h) = 4*h - 30. Let d be r(6). Let m(t) = -5*t**3 + 7*t**2 - 6*t + 7. Let z(w) = d*p(w) + 5*m(w). Calculate z(0).
-7
Let x(b) = -b**2 + 4*b + 11. Let k be x(5). Let h(n) = 5 - 2 - k*n - 4. What is h(2)?
-13
Let c be 6/9*(-36)/(-8). Suppose 16 = 2*r + 4*l - c*l, 4*r = -4*l + 40. Suppose r = -3*n, 27 = -5*z - 0*n - n. Let t(f) = f**2 + 5*f. Give t(z).
0
Let j(g) be the second derivative of -g**3 + 11*g**2/2 - 310*g. Give j(8).
-37
Let c be ((-5)/(-10))/((-1)/(-8)). Let x(g) = -2*g - 4 + 1 - c. Suppose -10*q + 75 = 125. Calculate x(q).
3
Let p(j) be the first derivative of -j**3/3 - 13*j**2/2 + 3*j + 217. What is p(-12)?
15
Let l(s) be the first derivative of -7*s - 1/3*s**3 - 7/2*s**2 + 12. Give l(-5).
3
Suppose 10 = 5*j + 5. Let d(y) = -y + 12. Let a be d(6). Let k(f) = f + a*f - 3*f. Determine k(j).
4
Let k be ((-1)/(9/(-6)))/2*6. Let x(n) = 0*n**2 - 8*n + n**2 + 3 + 0*n**k + 0*n**2. Give x(8).
3
Let q(a) = -5*a**2 - 4*a + 2. Let t(o) = -6*o**2 - 4*o + 3. Let l = 14 - 19. Let u(w) = l*q(w) + 4*t(w). What is u(-5)?
7
Let i(y) = y + 3. Let k = 114 + -122. Give i(k).
-5
Let p(r) = 15*r + 21 - 22 - 14*r. Calculate p(-6).
-7
Let p(v) = 4*v**2 - 9*v + 4. Let t(x) = -x**2 + 2*x - 1. Let i(j) = 2*p(j) + 9*t(j). Let s(f) = f**2 + 2*f - 6. Let g be s(-5). Let o = -12 + g. What is i(o)?
-10
Let p(f) be the second derivative of f**4/12 - f**3/2 - f**2/2 - 57*f. Determine p(5).
9
Let m be (-64)/(-20) - 10/50.